{"id":951,"date":"2021-11-03T16:47:03","date_gmt":"2021-11-03T15:47:03","guid":{"rendered":"http:\/\/guillaumelavigne.fr\/peinture\/?page_id=951"},"modified":"2024-04-05T14:03:44","modified_gmt":"2024-04-05T12:03:44","slug":"textes-2","status":"publish","type":"page","link":"http:\/\/guillaumelavigne.fr\/peinture\/textes-2\/","title":{"rendered":"Textes"},"content":{"rendered":"<h3><a href=\"http:\/\/guillaumelavigne.fr\/peinture\/les-epiphanies\/\">Les \u00e9piphanies de Guillaume Lavigne<\/a><\/h3>\n<p>Vincent Simonet<\/p>\n<hr \/>\n<h3><a href=\"http:\/\/guillaumelavigne.fr\/peinture\/portraits-de-vetements\/\">Portraits de v\u00eatements<\/a><\/h3>\n<p>Gr\u00e9goire de Gaulle<\/p>\n<hr \/>\n<h3><a href=\"http:\/\/guillaumelavigne.fr\/peinture\/la-face-cachee-de-la-melancolie\/\">La Face cache\u0301e de la Me\u0301lancolie<\/a><\/h3>\n<p>Marc Giai-Minie<\/p>\n<hr \/>\n<h3><a href=\"http:\/\/guillaumelavigne.fr\/peinture\/le-monde-est-le-vetement-de-lame\/\">Le Monde est le V\u00eatement de l\u2019\u00e2me<\/a><\/h3>\n<p>Pierre Souchaud<\/p>\n<hr \/>\n<h3><a href=\"http:\/\/guillaumelavigne.fr\/peinture\/le-vestiaire-du-peintre\/\">Le Vestiaire du Peintre<\/a><\/h3>\n<p>Fr\u00e9d\u00e9ric Jonnet<\/p>\n","protected":false},"excerpt":{"rendered":"<p>Les \u00e9piphanies de Guillaume Lavigne Vincent Simonet Portraits de v\u00eatements Gr\u00e9goire de Gaulle La Face cache\u0301e de la Me\u0301lancolie Marc Giai-Minie Le Monde est le V\u00eatement de l\u2019\u00e2me Pierre Souchaud Le Vestiaire du Peintre Fr\u00e9d\u00e9ric Jonnet<\/p>\n","protected":false},"author":1,"featured_media":0,"parent":0,"menu_order":0,"comment_status":"closed","ping_status":"closed","template":"","meta":[],"_links":{"self":[{"href":"http:\/\/guillaumelavigne.fr\/peinture\/wp-json\/wp\/v2\/pages\/951"}],"collection":[{"href":"http:\/\/guillaumelavigne.fr\/peinture\/wp-json\/wp\/v2\/pages"}],"about":[{"href":"http:\/\/guillaumelavigne.fr\/peinture\/wp-json\/wp\/v2\/types\/page"}],"author":[{"embeddable":true,"href":"http:\/\/guillaumelavigne.fr\/peinture\/wp-json\/wp\/v2\/users\/1"}],"replies":[{"embeddable":true,"href":"http:\/\/guillaumelavigne.fr\/peinture\/wp-json\/wp\/v2\/comments?post=951"}],"version-history":[{"count":4,"href":"http:\/\/guillaumelavigne.fr\/peinture\/wp-json\/wp\/v2\/pages\/951\/revisions"}],"predecessor-version":[{"id":1106,"href":"http:\/\/guillaumelavigne.fr\/peinture\/wp-json\/wp\/v2\/pages\/951\/revisions\/1106"}],"wp:attachment":[{"href":"http:\/\/guillaumelavigne.fr\/peinture\/wp-json\/wp\/v2\/media?parent=951"}],"curies":[{"name":"wp","href":"https:\/\/api.w.org\/{rel}","templated":true}]}}

<h3><a href="http://guillaumelavigne.fr/peinture/les-epiphanies/">Les épiphanies de Guillaume Lavigne</a></h3>
<p>Vincent Simonet</p>
<hr />
<h3><a href="http://guillaumelavigne.fr/peinture/portraits-de-vetements/">Portraits de vêtements</a></h3>
<p>Grégoire de Gaulle</p>
<hr />
<h3><a href="http://guillaumelavigne.fr/peinture/la-face-cachee-de-la-melancolie/">La Face cachée de la Mélancolie</a></h3>
<p>Marc Giai-Minie</p>
<hr />
<h3><a href="http://guillaumelavigne.fr/peinture/le-monde-est-le-vetement-de-lame/">Le Monde est le Vêtement de l’âme</a></h3>
<p>Pierre Souchaud</p>
<hr />
<h3><a href="http://guillaumelavigne.fr/peinture/le-vestiaire-du-peintre/">Le Vestiaire du Peintre</a></h3>
<p>Frédéric Jonnet</p>

<p>Les épiphanies de Guillaume Lavigne Vincent Simonet Portraits de vêtements Grégoire de Gaulle La Face cachée de la Mélancolie Marc Giai-Minie Le Monde est le Vêtement de l’âme Pierre Souchaud Le Vestiaire du Peintre Frédéric Jonnet</p>
